hat is 87945 - -2?
87947
In base 12, what is 1148 + -47?
1101
In base 3, what is -100 + -1211200202120?
-1211200202220
In base 3, what is 0 + -20112012121?
-20112012121
In base 15, what is -338 + -10?
-348
In base 9, what is -180362 + 2?
-180360
In base 7, what is 205 - -1156?
1364
In base 9, what is -7143 + -48?
-7202
In base 16, what is 6644f3 - 3?
6644f0
In base 12, what is 28ba9 + -3?
28ba6
In base 2, what is -110010000100 - 10001010?
-110100001110
In base 8, what is -1 - 122675?
-122676
In base 2, what is -11000001011100 + 1000?
-11000001010100
In base 8, what is -140626 - 17?
-140645
In base 8, what is -4 - -100331?
100325
In base 12, what is 807 + -1b2?
615
In base 7, what is -34 + -2645?
-3012
In base 11, what is 3852752 + 3?
3852755
In base 13, what is 48 - 996?
-94b
In base 13, what is -8 - -842a4?
84299
In base 6, what is 12234 + -102?
12132
In base 8, what is -705 + 37?
-646
In base 16, what is -4 + -22e89?
-22e8d
In base 12, what is 215 + 25?
23a
In base 16, what is 9 + -2e89?
-2e80
In base 15, what is 2 + -2771?
-276e
In base 7, what is 56546 + -1?
56545
In base 10, what is -680640 - 5?
-680645
In base 3, what is 120200200000 + -12?
120200122211
In base 5, what is -1113 + -120013?
-121131
In base 16, what is 168 + 32b?
493
In base 5, what is -2 - 10421112?
-10421114
In base 8, what is -26 - -437?
411
In base 7, what is 3614 + 224?
4141
In base 5, what is -3122 - 1020?
-4142
In base 13, what is -36 + 717?
6b1
In base 10, what is 1 - 329918?
-329917
In base 4, what is -110 + -1121313?
-1122023
In base 6, what is -25 - 5542?
-10011
In base 11, what is 3 - 1594a?
-15947
In base 3, what is -11102 - -10121?
-211
In base 11, what is 28 + a74?
aa1
In base 8, what is -1545 + -513?
-2260
In base 8, what is -46702 - -161?
-46521
In base 8, what is -23 - -6554?
6531
In base 4, what is 103 - -222003213?
222003322
In base 15, what is 8ba + -4?
8b6
In base 11, what is -32 - 811?
-843
In base 9, what is 1276 - 22?
1254
In base 13, what is b + 12806?
12814
In base 8, what is 10 - -27077?
27107
In base 13, what is 0 - 453c5?
-453c5
In base 9, what is 25 - -1188?
1224
In base 12, what is -3 - -56a31?
56a2a
In base 10, what is -148 + -67?
-215
In base 13, what is 0 + 3561?
3561
In base 2, what is 10000100 + 101010111010?
101100111110
In base 4, what is -202131 + -322?
-203113
In base 7, what is -1 - 63101?
-63102
In base 7, what is 441410 - 12?
441365
In base 7, what is 162 + -6554?
-6362
In base 6, what is 3150100 - -2?
3150102
In base 6, what is 0 - 105143?
-105143
In base 2, what is 110 - 111000011001001?
-111000011000011
In base 7, what is 12 - 1356100?
-1356055
In base 3, what is 2011 + -10211022?
-10202011
In base 9, what is -11 - 37678?
-37700
In base 10, what is -149518 + -5?
-149523
In base 7, what is 6146 + -16?
6130
In base 5, what is -1433223 - 11?
-1433234
In base 3, what is -1011102211 + 112?
-1011102022
In base 12, what is 729 + 11?
73a
In base 14, what is -188 - b04?
-c8c
In base 12, what is 6bb3 + 2?
6bb5
In base 4, what is 2133222232 - 1?
2133222231
In base 16, what is -3284 - 7?
-328b
In base 10, what is 4115 + 30?
4145
In base 7, what is 3053 + -14?
3036
In base 7, what is 1062 - 2?
1060
In base 15, what is 4 - -a9059?
a905d
In base 4, what is -111111 + 13101?
-32010
In base 5, what is -3341214 + 0?
-3341214
In base 3, what is 2001122212 + 2?
2001122221
In base 16, what is 14a - b31?
-9e7
In base 3, what is -111101 - 12120?
-200221
In base 6, what is 303 - 5311?
-5004
In base 4, what is -30302021 - -30?
-30301331
In base 15, what is ae39b9 - 4?
ae39b5
In base 11, what is 6 - 183609?
-183603
In base 14, what is -3 - -6d66?
6d63
In base 13, what is 0 - 288?
-288
In base 8, what is 2 + -1562470?
-1562466
In base 7, what is 20 - -212461?
212511
In base 8, what is 21 + -635120?
-635077
In base 5, what is 3440 - -224?
4214
In base 12, what is -5 + -14a64?
-14a69
In base 14, what is -4 - -9bcb4?
9bcb0
In base 10, what is 100818 + 8?
100826
In base 6, what is -20 + -1430125?
-1430145
In base 2, what is 0 - -1100000011000?
1100000011000
In base 6, what is 12012234 + -2?
12012232
In base 9, what is -3 - -703215?
703212
In base 13, what is 8 + -8226?
-821b
In base 10, what is -80 - -4332?
4252
In base 5, what is 10 + -231111233?
-231111223
In base 3, what is 12001 + 2110?
21111
In base 13, what is 2 + -63cc?
-63ca
In base 16, what is f9d - -2?
f9f
In base 16, what is -3cc + -b6?
-482
In base 7, what is 1015526 - -1?
1015530
In base 4, what is 103232103 - 11?
103232032
In base 14, what is 27a + 7?
283
In base 5, what is -2 + -322210?
-322212
In base 10, what is 1 + 37543?
37544
In base 14, what is -5 - -8672?
866b
In base 12, what is -5 - 694?
-699
In base 15, what is 2d + 2?
30
In base 4, what is 3332 - 30330?
-20332
In base 10, what is -280647 - -2?
-280645
In base 15, what is -a + 11316?
1130b
In base 11, what is 8918 - 11?
8907
In base 3, what is -2101021120 - 11?
-2101021201
In base 6, what is 5240 + 14?
5254
In base 11, what is -181533 + -4?
-181537
In base 14, what is 8 - a14a?
-a142
In base 8, what is 423 + -210?
213
In base 15, what is -68 + 2a21?
29a8
In base 11, what is 205a8 - 9?
2059a
In base 9, what is -3 - 18160?
-18163
In base 10, what is 5 - 216469?
-216464
In base 9, what is 48 + 22?
71
In base 2, what is 1 + 11001111000011?
11001111000100
In base 7, what is -2065 - -1352?
-413
In base 3, what is -10 + -21120101?
-21120111
In base 2, what is 11010110000100011001 - -11?
11010110000100011100
In base 4, what is 133 + 22323311?
22330110
In base 16, what is 4aa - 78?
432
In base 6, what is -1140 - -522?
-214
In base 11, what is 476a + -12?
4758
In base 8, what is 2205405 - 11?
2205374
In base 7, what is 63 + -3404?
-3311
In base 13, what is 0 + 66a0?
66a0
In base 13, what is -b + b1a6?
b198
In base 8, what is -1070465 - 2?
-1070467
In base 13, what is 31bb + -18?
31a3
In base 4, what is -3 - 3011222?
-3011231
In base 16, what is 4b5 - -48b?
940
In base 3, what is 1112 + -10211101?
-10202212
In base 15, what is 2 + 22034?
22036
In base 2, what is -11100 - 100001001011?
-100001100111
In base 14, what is 5 + 132d?
1334
In base 9, what is 7 - -1367?
1375
In base 6, what is 4 - -103055?
103103
In base 8, what is 1137 + -62?
1055
In base 13, what is 12 - -7b564?
7b576
In base 7, what is 241 - 355?
-114
In base 11, what is 2231 - 0?
2231
In base 14, what is -9 + 16bb?
16b2
In base 10, what is 38 + -1414?
-1376
In base 8, what is 62723 + 22?
62745
In base 10, what is 2746 - -499?
3245
In base 12, what is 87 + 117?
1a2
In base 8, what is -33023 - 16?
-33041
In base 3, what is 1010 - 100000100?
-22222020
In base 4, what is -11202 + -1302?
-13110
In base 5, what is 1 + 1140411?
1140412
In base 15, what is -18d5c + -3?
-18d60
In base 6, what is 0 + -350204?
-350204
In base 9, what is -147 - -10731?
10573
In base 11, what is 3 + -6762a?
-67627
In base 8, what is 1 + 112005?
112006
In base 6, what is -305 - 1130?
-1435
In base 6, what is 2133255 + -3?
2133252
In base 5, what is -221141 + -413?
-222104
In base 10, what is -71 - -1459?
1388
In base 12, what is 2 - -7060?
7062
In base 16, what is 4 - -fda2?
fda6
In base 10, what is 98460 + 2?
98462
In base 9, what is -2 - 1201727?
-1201730
In base 12, what is 2112 + -bb6?
1118
In base 12, what is -15 - -10491?
10478
In base 13, what is 63 + 1751?
17b4
In base 13, what is -3 - -22aa?
22a7
In base 3, what is 1 + -2112000002?
-2112000001
In base 14, what is 68102 + 2?
68104
In base 11, what is 0 + -6a488?
-6a488
In base 9, what is -2854732 + -2?
-2854734
In base 5, what is -1 + 1110214?
1110213
In base 3, what is 12 + 100011122201?
100011122220
In base 9, what is 3037 - 5?
3032
In base 2, what is 100001100 - 1000110?
11000110
In base 8, what is 11671 + 26?
11717
In base 10, what is -129675 - -4?
-129671
In base 4, what is 1233 + -3310?
-2011
In base 7, what is -1110 - -50?
-1030
In base 4, what is -22331222 - 2?
-22331230
In base 13, what is 532 - -1?
533
In base 6, what is 1431 - -335?
2210
In base 3, what is 2221021 - -2111?
10000202
In base 6, what is -3 - 150030?
-150033
In base 13, what is 444c - -4?
4453
In base 13, what is 6c - -1722?
1791
In base 15, what is 202 - 483?
-281
In base 12, what is 48b - 88?
403
In base 13, what is -54 - 92a4?
-9328
In base 8, what is 5061242 + 1?
5061243
I